{"id":1334,"date":"2016-03-21T12:10:59","date_gmt":"2016-03-21T12:10:59","guid":{"rendered":"http:\/\/www.fruitales.com\/?page_id=1334"},"modified":"2018-09-15T03:33:14","modified_gmt":"2018-09-15T01:33:14","slug":"about","status":"publish","type":"page","link":"http:\/\/www.fruitales.com\/?page_id=1334","title":{"rendered":"Qui sommes-nous ?"},"content":{"rendered":"<p>[vc_row][vc_column width=\u00a0\u00bb1\/2&Prime;]<div class=\"sc_section align_captions_left sc_section_block \" style=\"max-width: 470px;\"><div class=\"sc_section_inner\"><h3 class=\"sc_section_title sc_item_title\">Pr\u00e9sentation<\/h3><h6 class=\"sc_section_subtitle sc_item_subtitle\">Qui sommes-nous ?<\/h6><div class=\"sc_section_content_wrap\">[vc_column_text]<\/p>\n<p style=\"text-align: justify;\"><i><strong>Fruitales<\/strong> est le fruit de la vision et de l\u2019esprit d\u2019innovation de sa fondatrice, Marie-Andr\u00e9e Tall. <\/i><\/p>\n<p style=\"text-align: justify;\"><i>Tout au long de ses douze ann\u00e9es d\u2019existence, gr\u00e2ce \u00e0 une philosophie d\u2019entreprise alliant objectifs sociaux et objectifs commerciaux, <strong>Fruitales<\/strong> a contribu\u00e9 \u00e0 am\u00e9liorer la vie de ses partenaires ruraux, de ses employ\u00e9s et de leurs familles. <\/i><\/p>\n<p style=\"text-align: justify;\"><i>Notre politique consiste \u00e0 acheter nos mati\u00e8res premi\u00e8res \u00e0 un prix juste pour nos fournisseurs et \u00e0 soutenir les productions cultiv\u00e9es ou r\u00e9colt\u00e9es par les femmes, \u00e9tablissant un r\u00e9seau de fournisseurs fid\u00e8les qui nous donne acc\u00e8s \u00e0 des mati\u00e8res premi\u00e8res de qualit\u00e9 \u00e0 chaque saison.<\/i><\/p>\n<p style=\"text-align: justify;\"><i>C\u2019est ainsi que nous proposons au consommateur une gamme de produits offrant tra\u00e7abilit\u00e9, <\/i><i><span style=\"font-weight: 400;\">transparence et qualit\u00e9.\u00a0\u00a0<\/span><\/i><i><span style=\"font-weight: 400;\">L\u2019innovation est au\u00a0c\u0153ur de Fruitales. Nous projetons de continuer \u00e0 mettre sur le march\u00e9 un nouveau produit chaque ann\u00e9e<\/span><\/i><b><i>. Cet esprit innovateur ne se limite pas \u00e0 nos produits.<\/i><\/b><\/p>\n<p>[\/vc_column_text]<\/div><\/div><\/div>[\/vc_column][vc_column width=\u00a0\u00bb1\/2&Prime;]<div class=\"cq-coverslider  navigation-float-right tinyshadow customized navigation-isfloat\" data-imagemaxheight=\"300\" data-buttonbackground=\"#47715e\" data-buttonhoverbackground=\"#9bc928\" data-contentbackground=\"\" data-contentcolor=\"\" data-arrowcolor=\"#ffffff\" data-arrowhovercolor=\"\" data-delaytime=\"no\"><div class=\"cq-coverslider-area btn-large square\"><div class=\"cq-coverslider-cover\"><div class=\"cq-coverslider-itemcontainer\"><div class=\"cq-coverslider-imageitem\"><img src=\"http:\/\/www.fruitales.com\/wp-content\/uploads\/2018\/09\/piment-rouge.jpg\" class=\"cq-coverslider-image\" alt=\"\"><\/div><div class=\"cq-coverslider-imageitem\"><img src=\"http:\/\/www.fruitales.com\/wp-content\/uploads\/2018\/09\/PIMENT-JAUNE.jpg\" class=\"cq-coverslider-image\" alt=\"\"><\/div><\/div><\/div><div class=\"cq-coverslider-content\"><div class=\"cq-coverslider-contentitem\"><\/div><div class=\"cq-coverslider-contentitem\"><\/div><div class=\"cq-coverslider-contentitem\"><\/div><\/div><\/div><div class=\"cq-coverslider-navigation btn-large\"><div class=\"coverslider-navigation-prev\"><i class=\"cq-coverslider-icon entypo-icon entypo-icon-left-open-big\"><\/i><\/div><div class=\"coverslider-navigation-next\"><i class=\"cq-coverslider-icon entypo-icon entypo-icon-right-open-big\"><\/i><\/div><\/div><\/div>[\/vc_column][vc_column][vc_empty_space][vc_column_text]<\/p>\n<p style=\"text-align: justify;\"><i>\u00a0Il est aussi pr\u00e9sent dans nos relations avec nos clients, fournisseurs et employ\u00e9s, qu\u2019il s\u2019agisse de notre soutien aux productrices et travailleuses ou de la mise en\u00a0\u0153uvre de syst\u00e8mes de gestion de la s\u00e9curit\u00e9 alimentaire dans nos locaux \u00e0 Dakar.<\/i><\/p>\n<p style=\"text-align: justify;\"><b><i>Nous vous invitons \u00e0 partager notre engagement pour des produits naturels de qualit\u00e9 et une vision juste des affaires.<\/i><\/b><\/p>\n<p style=\"text-align: justify;\"><span style=\"font-weight: 400;\">Nos principaux produits sont\u00a0:<\/span><\/p>\n<ul style=\"text-align: justify;\">\n<li style=\"font-weight: 400;\"><span style=\"font-weight: 400;\">Les pur\u00e9es de piment\u00a0au naturel et au gingembre<\/span><\/li>\n<li style=\"font-weight: 400;\"><span style=\"font-weight: 400;\">Les sauces au piment : classique, au citron vert et \u00e0 la mangue<\/span><\/li>\n<li style=\"font-weight: 400;\"><span style=\"font-weight: 400;\">Les confitures, gel\u00e9es et marmelade\u00a0: bissap, bouye, gingembre, mangue, papaye etc<\/span><\/li>\n<li style=\"font-weight: 400;\"><span style=\"font-weight: 400;\">Les sirops\u00a0: bissap, bissap-fraise, gingembre, tamarin, citron vert, kink\u00e9liba etc<\/span><\/li>\n<li style=\"font-weight: 400;\"><span style=\"font-weight: 400;\">Les boissons et infusions\u00a0: bissap, kink\u00e9liba, bouye etc<\/span><\/li>\n<li style=\"font-weight: 400;\"><span style=\"font-weight: 400;\">La pur\u00e9e de feuilles de bissap,<\/span><\/li>\n<li style=\"font-weight: 400;\"><span style=\"font-weight: 400;\">Le citron confit<\/span><\/li>\n<li style=\"font-weight: 400;\"><span style=\"font-weight: 400;\">Le madd en conserve<\/span><\/li>\n<li style=\"font-weight: 400;\"><span style=\"font-weight: 400;\">Les \u00e9pices<\/span><\/li>\n<\/ul>\n<p style=\"text-align: justify;\">Fruitales commercialise ses produits sur le march\u00e9 local et \u00e0 l&rsquo;exportation.<\/p>\n<p>[\/vc_column_text][\/vc_column][\/vc_row][vc_row css=\u00a0\u00bb.vc_custom_1458658244047{margin-top: 6.5rem !important;}\u00a0\u00bb][vc_column][vc_custom_heading text=\u00a0\u00bbPartenaires\u00a0\u00bb font_container=\u00a0\u00bbtag:h2|text_align:center\u00a0\u00bb google_fonts=\u00a0\u00bbfont_family:Montserrat%3Aregular%2C700|font_style:400%20regular%3A400%3Anormal\u00a0\u00bb][vc_media_grid element_width=\u00a0\u00bb3&Prime; grid_id=\u00a0\u00bbvc_gid:1536975124833-07ed1223-2dfe-5&Prime; include=\u00a0\u00bb1958,1957,1956,1955&Prime;][vc_custom_heading text=\u00a0\u00bbClients\u00a0\u00bb font_container=\u00a0\u00bbtag:h2|text_align:center\u00a0\u00bb google_fonts=\u00a0\u00bbfont_family:Montserrat%3Aregular%2C700|font_style:400%20regular%3A400%3Anormal\u00a0\u00bb][vc_media_grid element_width=\u00a0\u00bb3&Prime; grid_id=\u00a0\u00bbvc_gid:1536975124839-9540f8ee-15a8-8&Prime; include=\u00a0\u00bb1947,1959,1948,1950,1951,1952,1953,1954,2040&Prime;][\/vc_column][\/vc_row]<\/p>\n","protected":false},"excerpt":{"rendered":"<p>[vc_row][vc_column width=\u00a0\u00bb1\/2&Prime;][\/vc_column][vc_column width=\u00a0\u00bb1\/2&Prime;][\/vc_column][vc_column][vc_empty_space][vc_column_text] \u00a0Il est aussi pr\u00e9sent dans nos relations avec nos clients, fournisseurs et employ\u00e9s, qu\u2019il s\u2019agisse de notre soutien aux productrices et travailleuses ou de la mise en\u00a0\u0153uvre de syst\u00e8mes de gestion de la s\u00e9curit\u00e9 alimentaire dans nos locaux \u00e0 Dakar. Nous vous invitons \u00e0 partager notre engagement pour des produits naturels de [&hellip;]<\/p>\n","protected":false},"author":1,"featured_media":0,"parent":0,"menu_order":0,"comment_status":"closed","ping_status":"closed","template":"","meta":[],"_links":{"self":[{"href":"http:\/\/www.fruitales.com\/index.php?rest_route=\/wp\/v2\/pages\/1334"}],"collection":[{"href":"http:\/\/www.fruitales.com\/index.php?rest_route=\/wp\/v2\/pages"}],"about":[{"href":"http:\/\/www.fruitales.com\/index.php?rest_route=\/wp\/v2\/types\/page"}],"author":[{"embeddable":true,"href":"http:\/\/www.fruitales.com\/index.php?rest_route=\/wp\/v2\/users\/1"}],"replies":[{"embeddable":true,"href":"http:\/\/www.fruitales.com\/index.php?rest_route=%2Fwp%2Fv2%2Fcomments&post=1334"}],"version-history":[{"count":16,"href":"http:\/\/www.fruitales.com\/index.php?rest_route=\/wp\/v2\/pages\/1334\/revisions"}],"predecessor-version":[{"id":2073,"href":"http:\/\/www.fruitales.com\/index.php?rest_route=\/wp\/v2\/pages\/1334\/revisions\/2073"}],"wp:attachment":[{"href":"http:\/\/www.fruitales.com\/index.php?rest_route=%2Fwp%2Fv2%2Fmedia&parent=1334"}],"curies":[{"name":"wp","href":"https:\/\/api.w.org\/{rel}","templated":true}]}}